he prime factors of l(x)?
2, 7
Suppose 0 = o - 5*o - 80. Let h be o + 6/(-1 + -2). Let p = 32 + h. List the prime factors of p.
2, 5
Suppose 3*g = 2*a + 9, -5*a - 2*g + g = -3. Let x = 2 - a. Let t = x - -2. What are the prime factors of t?
2
Let j(y) be the third derivative of 3*y**4/8 - 5*y**3/3 + 7*y**2. What are the prime factors of j(5)?
5, 7
Let o = -70 + 30. Let j = 20 + o. List the prime factors of j/(-3) + 2/(-3).
2, 3
Let p = -9 - -18. Let d(o) = o**2 - 5*o**2 - o**3 + p*o - 4*o**2 + 4. List the prime factors of d(-9).
2
Let w = -45 - -120. List the prime factors of w.
3, 5
Suppose 25 + 1 = 2*g. Suppose -3*o = -g - 44. List the prime factors of o.
19
Suppose -4*j = -2*f - 0 + 2, -3*f = -2*j + 5. List the prime factors of j/(-3) - (-140)/15.
2, 5
Let n = -17 + 46. List the prime factors of n.
29
Suppose 3*b = -3*y - 6 + 48, -3*b = -2*y + 53. List the prime factors of y.
19
Let i = 21 + 27. What are the prime factors of i?
2, 3
Let z(n) = -8*n + 340. List the prime factors of z(0).
2, 5, 17
Let k be 9 + (1 + -2 - 1). Suppose 2*r - x = 39, -k*r + 2*r + 5*x = -110. List the prime factors of r.
17
Suppose 3*w - 33 = 4*a, -3*a + w - 35 = a. Let k(q) = -q**3 - 8*q**2 + 7*q + 2. What are the prime factors of k(a)?
2, 5
Let p = 150 + -76. List the prime factors of p.
2, 37
Let t(j) = 4*j + j**3 + 0*j**3 + 0*j**3 - 5 + 6*j**2 + 11. Let f be t(-5). Suppose 5*l - 4 = f. List the prime factors of l.
3
Let m(q) = -q**2 + 2*q + 65. What are the prime factors of m(0)?
5, 13
Suppose -18 = 5*k - 6*k. Let b = k + -7. What are the prime factors of b?
11
Let p(o) = -o. Let x be p(-3). Suppose -5*d - 4*t - 16 + 71 = 0, x*d - 16 = t. List the prime factors of d.
7
Let g = -67 - -181. List the prime factors of g.
2, 3, 19
Let m be 2 - 5/((-20)/8). Suppose 0 = 5*p - 2*c - 21, m*p + 2*c - 19 - 5 = 0. List the prime factors of p.
5
What are the prime factors of ((-17)/(-2))/((-4)/(-16))?
2, 17
Suppose -h - 2 = 0, -6*h + 44 = 2*x - h. What are the prime factors of x?
3
What are the prime factors of -4 + 75/3 + 4?
5
Let y be 2 + -4 - (-1 + -4). Let u be y/12 + 621/12. Suppose u = o + 3*o. List the prime factors of o.
13
Suppose -2*o - 3*m + 43 = 0, -m = -o + 2*m + 26. Suppose -6*i + 5*i + o = 0. What are the prime factors of i?
23
Let q = 5 + -2. What are the prime factors of -1*((-27)/3 + q)?
2, 3
Let m(z) = -z**3 + 5*z**2 - z - 2. Suppose -3*c + 0*c = -9. What are the prime factors of m(c)?
13
Let j = -95 - -203. What are the prime factors of j?
2, 3
Suppose y = f, 5*y - 4*y = -4*f + 20. Let t = y + -9. List the prime factors of 7*1*(7 + t).
2, 7
Suppose -5*x + 2 + 13 = 2*o, -3*x = 2*o - 13. Suppose 5*s + 7 = j, 3*s = o*j - 0*s - 57. Suppose -48 = -4*r - j. List the prime factors of r.
3
Suppose -3*l - 2*s = -38, -3*l - 11 = -3*s - 59. What are the prime factors of l?
2, 7
List the prime factors of 1/2 + (-7)/(-2).
2
Suppose 218 = 4*k - 5*g, -69 + 219 = 3*k + 3*g. List the prime factors of k.
2, 13
Let g(q) = 9*q - 9. Let u(v) = 5*v - 4. Let j(l) = 3*g(l) - 7*u(l). Let n be ((-1)/1*-1)/(-1). What are the prime factors of j(n)?
3
Suppose 4*b + 5*p - 60 = 0, -b + 0*b - 4*p + 26 = 0. Let l be b*(4 + -2 + 0). List the prime factors of (-8)/l + (-114)/(-10).
11
Let g = 228 + 5. What are the prime factors of g?
233
Suppose 0 = -7*o - 80 + 325. List the prime factors of o.
5, 7
Let l(j) = 2*j + 46. List the prime factors of l(-14).
2, 3
Let v(z) = -z + 16. Suppose -2*j - 4*w + 20 = 0, 2*w = 3*w - 5. List the prime factors of v(j).
2
Suppose -5*j + 32 = -68. Suppose -w - j = -2*w. What are the prime factors of w?
2, 5
Suppose g - 4 = 4*r - 0, -2*r = 2. List the prime factors of 9 + g + (-3 - 0).
2, 3
Suppose 3*f + 5 = -5*n + 35, -5*f - n + 72 = 0. What are the prime factors of -5*(-6)/f - -35?
37
Let p = 37 + 6. What are the prime factors of p?
43
Let b(q) be the third derivative of -q**6/120 + q**5/10 + q**4/6 - 4*q**3/3 + 4*q**2. Let z be b(6). Suppose -2*t - 2*t = -z. What are the prime factors of t?
2
Suppose -3*g - 62 = t - 6*t, 12 = -3*g. Let q = 1 + 1. List the prime factors of (q/(-5))/((-2)/t).
2
Let j(m) = -6*m - 8. What are the prime factors of j(-10)?
2, 13
What are the prime factors of -1 + -2 + 0 + 85?
2, 41
Let j(m) = m**3 + 2*m**2 - 2*m + 4. Let a be j(-3). Suppose 2*f - a = 7. What are the prime factors of 8 - -2 - (-2 + f)?
2
Let v(x) = -x**2 + 3*x**2 - 2*x - x**2 + 2. Let g be v(2). Suppose 0 = -5*f, g*f + 15 = 3*c - 2*f. What are the prime factors of c?
5
Let v = 53 - 7. List the prime factors of v.
2, 23
Let y = 187 - 131. What are the prime factors of y?
2, 7
Let v(k) = 5*k - 25. What are the prime factors of v(12)?
5, 7
Suppose 4 = -h, 0*y - 3*h + 18 = y. What are the prime factors of (-1)/(-2*3/y)?
5
List the prime factors of (-1)/6*-3*36.
2, 3
Let r be (-1)/(8/10 - 1). Suppose 0 = -r*h + 20. Suppose -2*u - 2*b = -0*b - 8, -h*b + 9 = 3*u. List the prime factors of u.
7
Let b = 428 - 234. List the prime factors of b.
2, 97
Let n = 18 - 11. Suppose n*k - 15 = 4*k. What are the prime factors of (4/k)/((-3)/(-15))?
2
Let s(o) be the third derivative of o**6/120 - o**5/30 - o**4/4 + 5*o**3/6 + 3*o**2. List the prime factors of s(4).
13
Let u = -61 - -130. List the prime factors of u.
3, 23
Suppose -2*r - 4 = 0, -5*g - r = 2*r - 339. List the prime factors of g.
3, 23
Let z = -75 - -109. What are the prime factors of z?
2, 17
Let t(j) = -2*j**3 - 3*j**2 + 6*j + 3. What are the prime factors of t(-4)?
59
Suppose -4*o + 16 = 2*g, 2*g + 3*g - 20 = 0. Suppose 5 + 19 = o*i. What are the prime factors of i?
2, 3
Suppose 0*b = b. Let u = 4 - 2. Suppose -d + 0*d + u = b. List the prime factors of d.
2
Let a(n) = 26*n**2. What are the prime factors of a(-1)?
2, 13
Suppose 5*k + 20 = -2*g, -3*g + 0*k - 13 = -k. Let m be (g/(-4))/(1/8). What are the prime factors of m + -2*(-1)/(-2)?
3
Suppose 2*b - 6*b + 24 = 0. Let m(t) = 4*t - 4. List the prime factors of m(b).
2, 5
Suppose l + 3 = 5*o + 4*l, 0 = o - l - 7. Let x(s) = -3*s - 7. Let b be x(-4). Suppose -2*p - j - o = -3*p, j = -b*p + 33. What are the prime factors of p?
2, 3
Suppose -4*m + 289 = f, 2*f = 2*m - 84 - 68. Suppose 4*p = m + 11. What are the prime factors of p?
3, 7
Let y = 271 - 161. List the prime factors of y.
2, 5, 11
Let d = -21 + 49. Suppose -2*r - 27 = 5. Let g = d + r. What are the prime factors of g?
2, 3
Let g(p) = -p**3 - 6*p**2 + 7*p + 2. Let m be g(-7). Suppose 0 = -m*l - 3*l + 35. Suppose -15 = 5*s, -l*r - 2*s + 27 = -4*r. What are the prime factors of r?
11
Let r = -208 + 334. What are the prime factors of r?
2, 3, 7
Let i = 29 - 15. What are the prime factors of (i/(-3))/(4/(-6))?
7
Let g(m) = -6*m**3 + 2*m**2 + 2*m - 1. List the prime factors of g(-2).
3, 17
Let t = -38 - -223. List the prime factors of t.
5, 37
Let y be (-354)/(-30) + 2/10. Suppose -31 = -u - y. List the prime factors of u.
19
What are the prime factors of 638/6 - (4/12)/1?
2, 53
Suppose -3*j + c = -125, 2*c + 20 = -2*c. Suppose -y + 5*y = j. What are the prime factors of y?
2, 5
What are the prime factors of -11 - -50 - -2*(1 - 2)?
37
Let w(h) = 2*h**2 + 6*h + 3. What are the prime factors of w(-7)?
59
Let h(b) = -b**2 + 21*b + 27. List the prime factors of h(19).
5, 13
Let j = -2 - -5. Let n = j + -1. Suppose -5*a + 63 = 4*t, -t - n*a - 19 = -2*t. List the prime factors of t.
17
Let n(a) = 8*a + 4. Let x be n(3). Suppose -s + x = 3*s. Suppose -2*u = -3*m - s, -3*u - 2*m = -6*u + 18. What are the prime factors of u?
2
Let m(p) = 3*p**2 - 2*p + 8. What are the prime factors of m(-5)?
3, 31
Let w = 2 + -1. Let z(x) = 12*x**3 - 1. List the prime factors of z(w).
11
Let d(j) = -j**2 - 5*j - 2. Let u(i) = -1 + 4*i**2 + 2*i - 5*i**2 + 2*i - 2. Let h be u(4). What are the prime factors of d(h)?
2
Suppose -5*p - 5*y + 85 = 0, 0 = -3*p - 2*p - 3*y + 89. What are the prime factors of p?
19
Let x = 167 - 68. What are the prime factors of x?
3, 11
Suppose 0 = 2*b + 2*j - 6 - 14, -100 = -5*b + 5*j. Suppose k - b = -2. Let g = -5 + k. What are the prime factors of g?
2
Let d(r) = 5*r + 44. What are the prime factors of d(22)?
2, 7, 11
Suppose 2*k + 2 = 10. List the prime factors of ((-10)/15)/(k/(-78)).
13
Let v = 40 + -16. List the prime factors of 5/(-10)*v/(-2).
2, 3
Let g be (4/(-3))/(4/6). Let d(s) = -5*s**3 + 3*s**